 u.
15
Let x be (-9)/(288/(-40))*4. Let g(m) = 2*m**3 - 4*m**2 + 3*m + 13. Calculate the remainder when g(x) is divided by 30.
28
Suppose -4*k = -4, 4*k = 4*j - 640 - 308. Suppose 6*u - j = 4*u. Let w = 10268 - 10244. What is the remainder when u is divided by w?
23
Suppose -4*x + 10 = -3*x. Let b(f) = 5*f**2 + 115*f + 557. What is the remainder when b(-19) is divided by x?
7
Let h = -4263 - -4587. Calculate the remainder when 649 is divided by h.
1
What is the remainder when 4014 is divided by 626/(-4069) - (-2552)/26?
94
Let h = -22807 + 23929. What is the remainder when 3376 is divided by h?
10
Suppose -13*a - 3 + 68 = 0. Let q = 114 + -80. What is the remainder when q is divided by a?
4
Let g(c) = -293*c + 2554. What is the remainder when 756 is divided by g(8)?
126
Let t(x) = -107*x + 35. Let b(w) = -76*w + 24. Let l(q) = 7*b(q) - 5*t(q). Let n = -1 - -7. Calculate the remainder when l(n) is divided by 3.
2
Let v(r) = -r**3 - 4*r**2 - 62. Let n = -253 + 247. Calculate the remainder when 70 is divided by v(n).
0
Let f(g) = -g + 2. Let r = 115430 - 115414. What is the remainder when r is divided by f(-3)?
1
Let p be 2760/90*(-1 + (-5)/(-2)). Let c = -10 + p. Suppose -j = 5*h + 7 - 1, 5*j - c = -3*h. What is the remainder when 44 is divided by j?
8
Let l = -1412 + 1436. What is the remainder when l is divided by (12 + 1)/(1 - 0)?
11
Let b(g) = -13*g**2 + 281*g - 46. What is the remainder when b(19) is divided by 311?
289
Suppose -u - 5*a + 88 = 0, -3*a - 115 = -u + a. What is the remainder when 431 is divided by u?
19
Suppose 127*d = -3*z + 122*d + 1320, -6 = -d. What is the remainder when z is divided by 20?
10
Suppose -5*y = -4*r + 671, r + 2*y - 173 = -2*y. Suppose r = 3*o - 65. What is the remainder when o is divided by (-181)/(-9) - 245/2205?
18
Let u(k) = 2*k**2 - 2*k + 1. Suppose 4073 + 2752 = 85*a + 90*a. What is the remainder when a is divided by u(3)?
0
Suppose 5*n = -25, 0*x - 5*n + 173 = 2*x. Let a = x - 60. What is the remainder when 151 is divided by a?
34
Let h(v) = -44*v + 2578. What is the remainder when 190 is divided by h(58)?
8
Let v be 292/3*19/(38/3). Suppose -783 = -v*r + 137*r. Calculate the remainder when r is divided by 24.
15
Suppose -15512 = -1070*u + 1063*u. Calculate the remainder when u is divided by 111.
107
Let w be (-4284)/154 + (-2)/11. Let h = 30 + w. Suppose h*v - 52 = -4*c, 4*v - 5*v - 64 = -4*c. Calculate the remainder when c is divided by 4.
3
Let o(c) = -c - 1. Let g be o(6). Suppose 8 = 3*w - 13. Calculate the remainder when ((-9)/(-2))/(g + (-1035)/(-144)) is divided by w.
3
Let o(x) = x**2 + 25*x + 41. Let i(s) = -s**3 - 14*s**2 - 15*s - 50. Let z be i(-13). What is the remainder when 27 is divided by o(z)?
10
Let u(a) = -a**3 - 13*a**2 + 29*a - 26. Let l be u(-14). Let z = -212 - l. Suppose 70 = b - 0*b. What is the remainder when b is divided by z?
22
Suppose 298*i - 43247 + 11659 = 0. Calculate the remainder when 212 is divided by i.
0
Let p = 511 - 241. Let c(s) = 6*s**3 - 31*s**2 + 8*s + 6. Calculate the remainder when p is divided by c(5).
18
Suppose 40*y - 57*y = -153. Suppose -y*d + 11*d + 5*z = 40, 0 = 4*z - 16. Calculate the remainder when 76 is divided by d.
6
Suppose -30*f - 31*f = -4575. What is the remainder when 1271 is divided by f?
71
Suppose 1197*m = 1181*m + 4368. Calculate the remainder when m is divided by 46.
43
Suppose u = -1, 0 = 5*h + 7*u - 11*u - 429. Calculate the remainder when h is divided by 7.
1
Let w(p) = p**2 - 4*p - 4. Suppose -3*q = 7 + 8. Calculate the remainder when w(q) is divided by (-2 - (0 - 1))/(79/(-1896)).
17
Let g(a) = a**3 + 6*a**2 + 35. What is the remainder when 356 is divided by g(-4)?
21
Suppose -5*s + 4*p = 16, 2*s + 4*p - 3 - 13 = 0. What is the remainder when (646/60 + 4/10)/(-260*(-70)/109200) is divided by -10*((-2)/2 + s)?
7
Let p(u) = 18*u + 98. Let z be p(-6). What is the remainder when 243/5 + z/(-25) is divided by 10?
9
Suppose 3*o - 1606 = 6*f - f, 2*f + 649 = -o. Let h = f + 573. Calculate the remainder when h is divided by 76.
22
What is the remainder when ((-68)/3)/((-24)/612) is divided by 27?
11
Let z(t) = 4*t**2 + 56*t + 13. Let h(c) = 4*c**2 + 54*c + 12. Let k(o) = -7*h(o) + 6*z(o). What is the remainder when k(-5) is divided by 20?
4
Suppose -1587 - 447 = 18*x. Let n = -109 - x. What is the remainder when 121 is divided by n?
1
Let j be ((-8)/10)/((-8)/80*2). Suppose -g + 18 = j*t, 3*g - 40 = -0*g - 5*t. What is the remainder when g is divided by 3?
1
Suppose -4*v = -2*m + 612, 5*m - 1515 = -1074*v + 1079*v. Calculate the remainder when 904 is divided by m.
4
Suppose -v + 26 = -3. Let t = -40 - -84. What is the remainder when t is divided by v?
15
Let f(b) = 7*b**3 - 15*b**2 + 16*b + 4. Calculate the remainder when 326 is divided by f(2).
6
Suppose -3*y - 7*y = -33*y + 18170. Calculate the remainder when y is divided by 193.
18
Suppose -4 = p, 2*y - 3*p - 20 = -0*y. Suppose 5*f - 6*f = 3*i - 43, y*f + 84 = 4*i. Calculate the remainder when i is divided by 2.
0
Let n = 2777 - 2736. Calculate the remainder when 939 is divided by n.
37
Suppose -793*l + 920*l - 840994 = 0. Calculate the remainder when l is divided by 18.
16
Let j = 24444 + -24396. Calculate the remainder when j is divided by (0 - -1) + 120/6.
6
Let y(r) = -17*r + 120. Let n be y(4). Suppose n = -8*m + 548. What is the remainder when 244 is divided by m?
58
Suppose i = m + 1478 - 522, 0 = -3*i + m + 2870. What is the remainder when i is divided by 96?
93
Suppose -10*a + 8*a = -10. Suppose 4*f = -2*j + 372, -a*j + 186 = 2*f - j. Suppose -10*s = -7*s - f. What is the remainder when s is divided by 16?
15
Let y = 91 - 23. Suppose 0 = -2*o - 5*h + y, o - 4*h = 3*o - 68. What is the remainder when 63 is divided by o?
29
Let x = -3506 - -5454. What is the remainder when x is divided by 6?
4
Suppose -102*p + 4*c = -99*p - 237, 344 = 4*p + 4*c. What is the remainder when 1487 is divided by p?
76
Let v(o) = -16*o**3 + 26*o**2 + 7*o + 10. Calculate the remainder when v(-4) is divided by 23.
19
Let v(w) = -w + 28. Let x be v(0). Let t = -18 + x. Let k(m) = -m**3 + 12*m**2 - 15*m + 4. What is the remainder when k(t) is divided by 14?
12
Calculate the remainder when (15 + -13)*310/4 is divided by 79.
76
Suppose 2*w = -3*k + 27, -2*k + 33 = 4*w - w. Suppose 0 = 17*r - 10*r + 714. Let f = r + 225. What is the remainder when f is divided by w?
6
Suppose 22 = 9*b - 23. Suppose 0 = 5*c + 2*x - 249, -b*x - 19 + 176 = 3*c. Calculate the remainder when c is divided by 26.
23
Let r(b) = 59*b**2 - 707*b + 237. Calculate the remainder when r(31) is divided by 13.
10
Suppose -4*y + 0*y + 5*l + 3452 = 0, -l - 4315 = -5*y. Calculate the remainder when y is divided by 140.
23
Let h(v) = -v**3 - v**2 + 3*v + 785. Calculate the remainder when h(0) is divided by 213.
146
Let r = -281 - -371. What is the remainder when 269 is divided by r?
89
Calculate the remainder when 2010 is divided by 456/(-18)*(-48)/32.
34
Let l = -29 + 60. Suppose -3*u + r = -40, u - 3*u + l = -5*r. Suppose u*g = 11*g + 146. Calculate the remainder when g is divided by 19.
16
Suppose -5*f + 5 = 3*r, 0*r = 3*f + 3*r + 3. Suppose -2*i + 15 = d, 5*i + f*d - 50 + 8 = 0. Calculate the remainder when i is divided by 3.
0
Let d be (-140)/(-2) + 5/(3 + -8). Suppose j - 5*m = d, 2*j - 6*m = -8*m + 102. Calculate the remainder when 215 is divided by j.
53
Suppose 0 = -3*o + 2*q + 20, 0 = -0*o - 3*o + 3*q + 24. Let l be ((-18)/3 + -3)*o/1. Let u = 51 + l. Calculate the remainder when 25 is divided by u.
10
Let f be (1 - (-27)/5) + (-14)/35. Let x be f*(-15)/(-2)*(-10)/(-50). Suppose -x + 59 = 10*b. Calculate the remainder when 19 is divided by b.
4
Suppose 40*r + 798 = 59*r. Suppose -43*m + 21 = -r*m. What is the remainder when 60 is divided by m?
18
Let d(p) = -6*p**3 + 2*p**2 + 2*p + 1. Let r(w) = 51*w + 196. Let a be r(-5). Calculate the remainder when a/(-5) - ((-78)/15 - -6) is divided by d(-1).
4
Suppose 3*s + 1 = d - 4, -8 = -4*s. Let k(u) = 3*u**2 + d*u - u**2 + u. Calculate the remainder when 39 is divided by k(-7).
11
Let n = 509 + -504. Suppose -x = 4*k - 306, -2*k + 195 - 31 = -n*x. Calculate the remainder when k is divided by 10.
7
Suppose 4*g - 6*g + 1424 = 0. What is the remainder when g is divided by ((-19747)/(-3822